313?
287
Calculate the remainder when 5670007 is divided by 195517.
14
Calculate the remainder when 2017975 is divided by 7852.
11
Calculate the remainder when 109815 is divided by 3695.
2660
What is the remainder when 210564 is divided by 8060?
1004
What is the remainder when 513674 is divided by 1300?
174
Calculate the remainder when 192667 is divided by 19262.
47
What is the remainder when 140906 is divided by 35225?
6
Calculate the remainder when 3090358 is divided by 257522.
94
Calculate the remainder when 1729331 is divided by 19877.
32
What is the remainder when 89079526 is divided by 12725634?
88
What is the remainder when 561207 is divided by 426?
165
Calculate the remainder when 55072333 is divided by 82075.
8
Calculate the remainder when 53988 is divided by 383.
368
Calculate the remainder when 6563948 is divided by 119.
27
What is the remainder when 6567791 is divided by 81083?
68
Calculate the remainder when 29610378 is divided by 9870063.
189
What is the remainder when 463272 is divided by 427?
404
What is the remainder when 13060808 is divided by 929?
926
What is the remainder when 48923739 is divided by 42?
39
What is the remainder when 76429380 is divided by 652?
636
What is the remainder when 666235292 is divided by 1104?
1100
What is the remainder when 13107419 is divided by 18?
17
What is the remainder when 678333 is divided by 593?
534
What is the remainder when 383062 is divided by 1440?
22
What is the remainder when 422938 is divided by 24878?
12
What is the remainder when 314554 is divided by 638?
20
Calculate the remainder when 984843 is divided by 2223.
54
Calculate the remainder when 14461885 is divided by 3398.
3395
What is the remainder when 7129356 is divided by 29955?
66
Calculate the remainder when 374542 is divided by 291.
25
Calculate the remainder when 470844 is divided by 3055.
374
Calculate the remainder when 33939458 is divided by 281.
278
What is the remainder when 8226405 is divided by 4348?
4337
What is the remainder when 44544 is divided by 459?
21
Calculate the remainder when 213734 is divided by 409.
236
Calculate the remainder when 376937 is divided by 1422.
107
What is the remainder when 363019 is divided by 36090?
2119
What is the remainder when 824368 is divided by 126?
76
What is the remainder when 594914988 is divided by 29?
27
What is the remainder when 4989752 is divided by 2956?
24
What is the remainder when 683881 is divided by 13146?
289
Calculate the remainder when 649999290 is divided by 3.
0
Calculate the remainder when 1483332 is divided by 1149.
1122
Calculate the remainder when 1069074 is divided by 106904.
34
Calculate the remainder when 1271652 is divided by 235.
67
Calculate the remainder when 3343545 is divided by 3715.
45
Calculate the remainder when 15308066 is divided by 127.
121
What is the remainder when 5564471 is divided by 64703?
13
What is the remainder when 34499039 is divided by 1863?
5
Calculate the remainder when 3080658 is divided by 995.
138
What is the remainder when 170759 is divided by 2229?
1355
Calculate the remainder when 9918513 is divided by 3306162.
27
What is the remainder when 882984 is divided by 220722?
96
What is the remainder when 1918434 is divided by 639472?
18
Calculate the remainder when 24654863 is divided by 4109143.
5
Calculate the remainder when 1813003 is divided by 9.
7
Calculate the remainder when 5388961 is divided by 208.
97
What is the remainder when 37745 is divided by 2082?
269
What is the remainder when 1314969 is divided by 10?
9
Calculate the remainder when 1058951 is divided by 529459.
33
Calculate the remainder when 19008103 is divided by 1377.
1372
Calculate the remainder when 6857109 is divided by 1371420.
9
Calculate the remainder when 89000244 is divided by 3534.
3522
Calculate the remainder when 2171370 is divided by 25.
20
What is the remainder when 52092 is divided by 13017?
24
Calculate the remainder when 64330297 is divided by 206.
205
Calculate the remainder when 24875246 is divided by 1693.
1690
Calculate the remainder when 219000 is divided by 490.
460
What is the remainder when 7001965 is divided by 32?
13
Calculate the remainder when 1407325 is divided by 1127.
829
Calculate the remainder when 17515 is divided by 1164.
55
Calculate the remainder when 1296801 is divided by 132.
33
What is the remainder when 21309 is divided by 2662?
13
Calculate the remainder when 260472 is divided by 37208.
16
Calculate the remainder when 176285 is divided by 5876.
5
What is the remainder when 57139615 is divided by 309?
262
Calculate the remainder when 65874 is divided by 62120.
3754
Calculate the remainder when 612742 is divided by 153103.
330
What is the remainder when 3308495 is divided by 9346?
11
Calculate the remainder when 89937467 is divided by 2493.
2492
What is the remainder when 559334760 is divided by 1714?
1712
Calculate the remainder when 101288 is divided by 10599.
5897
Calculate the remainder when 26251 is divided by 13067.
117
Calculate the remainder when 4750501 is divided by 334.
19
What is the remainder when 265339 is divided by 10135?
1829
Calculate the remainder when 54152542 is divided by 1603.
1599
Calculate the remainder when 4857 is divided by 475.
107
What is the remainder when 584144 is divided by 69?
59
Calculate the remainder when 556308 is divided by 538.
16
Calculate the remainder when 3092 is divided by 2595.
497
Calculate the remainder when 370629 is divided by 160.
69
What is the remainder when 185861 is divided by 1155?
1061
What is the remainder when 5084666 is divided by 9?
8
Calculate the remainder when 366969 is divided by 1089.
1065
What is the remainder when 576310 is divided by 359?
115
Calculate the remainder when 21320242 is divided by 4586.
4514
Calculate the remainder when 156504 is divided by 3009.
36
What is the remainder when 184586990 is divided by 9?
5
What is the remainder when 484521 is divided by 10234?
3523
Calculate the remainder when 435168 is divided by 214510.
6148
What is the remainder when 205003854 is divided by 4552?
4534
What is the remainder when 44410876 is divided by 251?
191
Calculate the remainder when 8419954 is divided by 5.
4
What is the remainder when 11620035 is divided by 11785?
25
What is the remainder when 981172 is divided by 88?
60
Calculate the remainder when 385860 is divided by 873.
867
What is the remainder when 8516815 is divided by 987?
979
What is the remainder when 892172 is divided by 1143?
632
What is the remainder when 31075 is divided by 29791?
1284
Calculate the remainder when 6317747 is divided by 37383.
20
What is the remainder when 6913 is divided by 933?
382
What is the remainder when 245172 is divided by 533?
525
What is the remainder when 212386 is divided by 1156?
838
What is the remainder when 418790 is divided by 22?
20
What is the remainder when 213640 is divided by 1086?
784
Calculate the remainder when 431066055 is divided by 43.
42
What is the remainder when 9152711 is divided by 221?
217
Calculate the remainder when 8406652 is divided by 3663.
67
Calculate the remainder when 447717 is divided by 1843.
1711
Calculate the remainder when 5523681 is divided by 212443.
163
What is the remainder when 25419592 is divided by 28?
16
Calculate the remainder when 653478 is divided by 2734.
52
What is the remainder when 111711667 is divided by 11171166?
7
What is the remainder when 4134162 is divided by 841?
647
What is the remainder when 46606310 is divided by 863?
858
Calculate the remainder when 538217 is divided by 20692.
225
Calculate the remainder when 2606338 is divided by 1675.
38
What is the remainder when 1263239 is divided by 631613?
13
What is the remainder when 3628245966 is divided by 103?
102
Calculate the remainder when 506867 is divided by 883.
25
Calculate the remainder when 5518452 is divided by 165.
27
What is the remainder when 273431417 is divided by 26?
25
Calculate the remainder when 953373 is divided by 7209.
1785
What is the remainder when 137461751 is divided by 2286?
2285
Calculate the remainder when 2002483 is divided by 50062.
3
Calculate the remainder when 51177 is divided by 12457.
1349
What is the remainder when 1035133 is divided by 64693?
45
What is the remainder when 116639 is divided by 18438?
601